{"id":363,"date":"2016-01-05T12:35:17","date_gmt":"2016-01-05T11:35:17","guid":{"rendered":"http:\/\/www.heidi-muehlenberg.de\/?page_id=363"},"modified":"2017-01-03T20:53:34","modified_gmt":"2017-01-03T19:53:34","slug":"raetsel-mythen-und-legenden","status":"publish","type":"page","link":"https:\/\/www.heidi-muehlenberg.de\/?page_id=363","title":{"rendered":"R\u00e4tsel und Mythen"},"content":{"rendered":"<h5>Es geht weiter &#8211; <strong>R\u00e4tsel, Mythen und Legenden, MDR<\/strong><\/h5>\n<p><em>Es war eine gro\u00dfe Freude f\u00fcr uns, als wir im Sommer 2016 erfuhren, dass das MDR- Fernsehen unsere Reihe \u201eR\u00e4tsel, Mythen und Legenden\u201c fortsetzen w\u00fcrde.<\/em><\/p>\n<p><em>Mittlerweile sind seit 2009 schon zwanzig Sendungen in dieser sch\u00f6nen Reihe entstanden. Jeweils zu den Feiertagen widmen wir uns in einer 45 Minuten langen Sendung einer Sage oder einer spannenden Legende aus unserem Sendegebiet. Unsere beiden j\u00fcngsten Produktionen sind &#8222;Wie der Teufel den Buchdruck erfand&#8220; und &#8222;Schneewei\u00dfchen und der B\u00e4renh\u00e4uter aus Th\u00fcringen&#8220;.<\/em><\/p>\n<p><em>Heidi M\u00fchlenberg, Januar 2017<\/em><\/p>\n<p>Eine wirklich zauberhafte Reihe, die meine Kollegen von der kleinen Literatur-Redaktion des MDR-Fernsehens im Jahr 2009 aus der Taufe gehoben haben. In den drei Bundesl\u00e4ndern des MDR-Sendegebietes schlummern noch unendlich viele Geheimnisse und Mythen, die in unserer hektischen Zeit vergessen sind oder in der grauen Zeit davor als sonderbar oder kindisch galten, weil sie erz\u00e4hlen, wovon unsere Vorfahren tr\u00e4umten, womit sie sich ihre knappe Freizeit vertrieben oder woran sie glaubten, bevor es Kaiser und Kanzler gab.<\/p>\n<p>Wir gehen also den Legenden und Mythen von Mitteldeutschland auf den Grund und ich hatte das gro\u00dfe Vergn\u00fcgen, seit 2010 insgesamt zehn Sendungen f\u00fcr das MDR-Feiertagsprogramm als Drehbuchautorin und Regisseurin umzusetzen \u2013 gemeinsam mit der wunderbaren und engagierten Moderatorin Janine Strahl-Oesterreich und dem einfallsreichen und geduldigen Kameramann Axel Funk aus Berlin, und vielen anderen Kollegen.<\/p>\n<p>&nbsp;<\/p>\n<p>2010 MDR \u201eWie Paracelsus die Stadt G\u00f6rlitz vor dem Kometen rettete\u201c (45 Minuten)<\/p>\n<p>2012 MDR \u201eWie die Th\u00fcringer Bratwurst in Stadtilm Frieden stiftete\u201c (45 Minuten)<\/p>\n<p>2012 MDR \u201eWie der Salzgeist Bad D\u00fcrrenberg zu Reichtum verhalf\u201c (45 Minuten)<\/p>\n<p>2013 MDR \u201eWie Ludwig der Springer zu seinem Namen kam\u201c (45 Minuten)<\/p>\n<p>2013 MDR \u201eDie Th\u00fcringer Sintflut Anno 1613\u201c (45 Minuten)<\/p>\n<p>2013 MDR \u201eDie Leipziger L\u00f6wenjagd und das V\u00f6lkerschlachtdenkmal\u201c (45 Minuten)<\/p>\n<p>2014 MDR \u201eDas Geheimnis von K\u00f6nig Drosselbart\u201c (45 Minuten)<\/p>\n<p>2014 MDR \u201eKam der Dollar aus dem Erzgebirge?\u201c (45 Minuten)<\/p>\n<p>2015 MDR \u201eDer Rabenfluch von Merseburg\u201c (45 Minuten)<\/p>\n<p>2016 MDR \u201eDie Heinzelm\u00e4nnchen von Eilenburg\u201c (45 Minuten)<\/p>\n<p>2016 MDR &#8222;Wie der Teufel den Buchdruck erfand&#8220; (45 Minuten)<\/p>\n<p>2017 MDR &#8222;Schneewei\u00dfchen und der B\u00e4renh\u00e4uter aus Th\u00fcringen&#8220; (45 Minuten)<\/p>\n<p>&nbsp;<\/p>\n<p><a href=\"http:\/\/www.heidi-muehlenberg.de\/wp-content\/uploads\/2016\/01\/DSC0036.jpg\" rel=\"attachment wp-att-440\" rel=\"lightbox[363]\"><img loading=\"lazy\" decoding=\"async\" width=\"1024\" height=\"685\" class=\"aligncenter size-large wp-image-439\" src=\"http:\/\/www.heidi-muehlenberg.de\/wp-content\/uploads\/2016\/01\/DSC0006-1024x685.jpg\" alt=\"Der Salzgeist von Bad D\u00fcrrenberg\" srcset=\"https:\/\/www.heidi-muehlenberg.de\/wp-content\/uploads\/2016\/01\/DSC0006-1024x685.jpg 1024w, https:\/\/www.heidi-muehlenberg.de\/wp-content\/uploads\/2016\/01\/DSC0006-300x201.jpg 300w, https:\/\/www.heidi-muehlenberg.de\/wp-content\/uploads\/2016\/01\/DSC0006-768x514.jpg 768w, https:\/\/www.heidi-muehlenberg.de\/wp-content\/uploads\/2016\/01\/DSC0006-1793x1200.jpg 1793w, https:\/\/www.heidi-muehlenberg.de\/wp-content\/uploads\/2016\/01\/DSC0006-720x482.jpg 720w, https:\/\/www.heidi-muehlenberg.de\/wp-content\/uploads\/2016\/01\/DSC0006.jpg 2048w\" sizes=\"(max-width: 1024px) 100vw, 1024px\" \/><img loading=\"lazy\" decoding=\"async\" width=\"1024\" height=\"685\" class=\"aligncenter size-large wp-image-440\" src=\"http:\/\/www.heidi-muehlenberg.de\/wp-content\/uploads\/2016\/01\/DSC0036-1024x685.jpg\" alt=\"_DSC0036\" srcset=\"https:\/\/www.heidi-muehlenberg.de\/wp-content\/uploads\/2016\/01\/DSC0036-1024x685.jpg 1024w, https:\/\/www.heidi-muehlenberg.de\/wp-content\/uploads\/2016\/01\/DSC0036-300x201.jpg 300w, https:\/\/www.heidi-muehlenberg.de\/wp-content\/uploads\/2016\/01\/DSC0036-768x514.jpg 768w, https:\/\/www.heidi-muehlenberg.de\/wp-content\/uploads\/2016\/01\/DSC0036-1793x1200.jpg 1793w, https:\/\/www.heidi-muehlenberg.de\/wp-content\/uploads\/2016\/01\/DSC0036-720x482.jpg 720w, https:\/\/www.heidi-muehlenberg.de\/wp-content\/uploads\/2016\/01\/DSC0036.jpg 2048w\" sizes=\"(max-width: 1024px) 100vw, 1024px\" \/><\/a> <a href=\"http:\/\/www.heidi-muehlenberg.de\/wp-content\/uploads\/2016\/01\/Leipziger_Loewenjagd-Wikimedia.jpg-6-aufgebahrte-l\u00f6wen-im-zoo-sehr-scharf-.jpg\" rel=\"attachment wp-att-441\"><img loading=\"lazy\" decoding=\"async\" width=\"1024\" height=\"656\" class=\"aligncenter size-large wp-image-441\" src=\"http:\/\/www.heidi-muehlenberg.de\/wp-content\/uploads\/2016\/01\/Leipziger_Loewenjagd-Wikimedia.jpg-6-aufgebahrte-l\u00f6wen-im-zoo-sehr-scharf--1024x656.jpg\" alt=\"Leipziger_Loewenjagd Wikimedia.jpg - 6 aufgebahrte l\u00f6wen im zoo - sehr scharf !!!!!\" srcset=\"https:\/\/www.heidi-muehlenberg.de\/wp-content\/uploads\/2016\/01\/Leipziger_Loewenjagd-Wikimedia.jpg-6-aufgebahrte-l\u00f6wen-im-zoo-sehr-scharf--1024x656.jpg 1024w, https:\/\/www.heidi-muehlenberg.de\/wp-content\/uploads\/2016\/01\/Leipziger_Loewenjagd-Wikimedia.jpg-6-aufgebahrte-l\u00f6wen-im-zoo-sehr-scharf--300x192.jpg 300w, https:\/\/www.heidi-muehlenberg.de\/wp-content\/uploads\/2016\/01\/Leipziger_Loewenjagd-Wikimedia.jpg-6-aufgebahrte-l\u00f6wen-im-zoo-sehr-scharf--768x492.jpg 768w, https:\/\/www.heidi-muehlenberg.de\/wp-content\/uploads\/2016\/01\/Leipziger_Loewenjagd-Wikimedia.jpg-6-aufgebahrte-l\u00f6wen-im-zoo-sehr-scharf--1800x1153.jpg 1800w, https:\/\/www.heidi-muehlenberg.de\/wp-content\/uploads\/2016\/01\/Leipziger_Loewenjagd-Wikimedia.jpg-6-aufgebahrte-l\u00f6wen-im-zoo-sehr-scharf--720x461.jpg 720w, https:\/\/www.heidi-muehlenberg.de\/wp-content\/uploads\/2016\/01\/Leipziger_Loewenjagd-Wikimedia.jpg-6-aufgebahrte-l\u00f6wen-im-zoo-sehr-scharf-.jpg 2048w\" sizes=\"(max-width: 1024px) 100vw, 1024px\" \/><\/a><a href=\"http:\/\/www.heidi-muehlenberg.de\/wp-content\/uploads\/2016\/01\/Leipziger_Loewenjagd_Karrikatur-common-wikimedia.jpg\" rel=\"attachment wp-att-442\" rel=\"lightbox[363]\"><img loading=\"lazy\" decoding=\"async\" width=\"1024\" height=\"675\" class=\"aligncenter size-large wp-image-442\" src=\"http:\/\/www.heidi-muehlenberg.de\/wp-content\/uploads\/2016\/01\/Leipziger_Loewenjagd_Karrikatur-common-wikimedia-1024x675.jpg\" alt=\"Leipziger_Loewenjagd_Karrikatur - common wikimedia\" srcset=\"https:\/\/www.heidi-muehlenberg.de\/wp-content\/uploads\/2016\/01\/Leipziger_Loewenjagd_Karrikatur-common-wikimedia.jpg 1024w, https:\/\/www.heidi-muehlenberg.de\/wp-content\/uploads\/2016\/01\/Leipziger_Loewenjagd_Karrikatur-common-wikimedia-300x198.jpg 300w, https:\/\/www.heidi-muehlenberg.de\/wp-content\/uploads\/2016\/01\/Leipziger_Loewenjagd_Karrikatur-common-wikimedia-768x506.jpg 768w, https:\/\/www.heidi-muehlenberg.de\/wp-content\/uploads\/2016\/01\/Leipziger_Loewenjagd_Karrikatur-common-wikimedia-720x475.jpg 720w\" sizes=\"(max-width: 1024px) 100vw, 1024px\" \/><\/a><a href=\"http:\/\/www.heidi-muehlenberg.de\/wp-content\/uploads\/2016\/01\/Dreh-L\u00f6wenjagd-060.jpg\" rel=\"attachment wp-att-444\"><img loading=\"lazy\" decoding=\"async\" width=\"1024\" height=\"768\" class=\"aligncenter size-large wp-image-444\" src=\"http:\/\/www.heidi-muehlenberg.de\/wp-content\/uploads\/2016\/01\/Dreh-L\u00f6wenjagd-060-1024x768.jpg\" alt=\"Dreh L\u00f6wenjagd 060\" srcset=\"https:\/\/www.heidi-muehlenberg.de\/wp-content\/uploads\/2016\/01\/Dreh-L\u00f6wenjagd-060-1024x768.jpg 1024w, https:\/\/www.heidi-muehlenberg.de\/wp-content\/uploads\/2016\/01\/Dreh-L\u00f6wenjagd-060-300x225.jpg 300w, https:\/\/www.heidi-muehlenberg.de\/wp-content\/uploads\/2016\/01\/Dreh-L\u00f6wenjagd-060-768x576.jpg 768w, https:\/\/www.heidi-muehlenberg.de\/wp-content\/uploads\/2016\/01\/Dreh-L\u00f6wenjagd-060-1600x1200.jpg 1600w, https:\/\/www.heidi-muehlenberg.de\/wp-content\/uploads\/2016\/01\/Dreh-L\u00f6wenjagd-060-720x540.jpg 720w, https:\/\/www.heidi-muehlenberg.de\/wp-content\/uploads\/2016\/01\/Dreh-L\u00f6wenjagd-060.jpg 2048w\" sizes=\"(max-width: 1024px) 100vw, 1024px\" \/><\/a><\/p>\n","protected":false},"excerpt":{"rendered":"<p>Es geht weiter &#8211; R\u00e4tsel, Mythen und Legenden, MDR Es war eine gro\u00dfe Freude f\u00fcr uns, als wir im Sommer 2016 erfuhren, dass das MDR- Fernsehen unsere Reihe \u201eR\u00e4tsel, Mythen und Legenden\u201c fortsetzen w\u00fcrde. Mittlerweile sind seit 2009 schon zwanzig Sendungen in dieser sch\u00f6nen Reihe entstanden. Jeweils zu den Feiertagen widmen wir uns in, <a class=\"read-more\" href=\"https:\/\/www.heidi-muehlenberg.de\/?page_id=363\">Read More<\/a><\/p>\n","protected":false},"author":1,"featured_media":577,"parent":0,"menu_order":0,"comment_status":"closed","ping_status":"closed","template":"","meta":{"footnotes":""},"class_list":["post-363","page","type-page","status-publish","has-post-thumbnail","hentry"],"_links":{"self":[{"href":"https:\/\/www.heidi-muehlenberg.de\/index.php?rest_route=\/wp\/v2\/pages\/363"}],"collection":[{"href":"https:\/\/www.heidi-muehlenberg.de\/index.php?rest_route=\/wp\/v2\/pages"}],"about":[{"href":"https:\/\/www.heidi-muehlenberg.de\/index.php?rest_route=\/wp\/v2\/types\/page"}],"author":[{"embeddable":true,"href":"https:\/\/www.heidi-muehlenberg.de\/index.php?rest_route=\/wp\/v2\/users\/1"}],"replies":[{"embeddable":true,"href":"https:\/\/www.heidi-muehlenberg.de\/index.php?rest_route=%2Fwp%2Fv2%2Fcomments&post=363"}],"version-history":[{"count":4,"href":"https:\/\/www.heidi-muehlenberg.de\/index.php?rest_route=\/wp\/v2\/pages\/363\/revisions"}],"predecessor-version":[{"id":547,"href":"https:\/\/www.heidi-muehlenberg.de\/index.php?rest_route=\/wp\/v2\/pages\/363\/revisions\/547"}],"wp:featuredmedia":[{"embeddable":true,"href":"https:\/\/www.heidi-muehlenberg.de\/index.php?rest_route=\/wp\/v2\/media\/577"}],"wp:attachment":[{"href":"https:\/\/www.heidi-muehlenberg.de\/index.php?rest_route=%2Fwp%2Fv2%2Fmedia&parent=363"}],"curies":[{"name":"wp","href":"https:\/\/api.w.org\/{rel}","templated":true}]}}

Rätsel und Mythen

<h5>Es geht weiter &#8211; <strong>Rätsel, Mythen und Legenden, MDR</strong></h5>
<p><em>Es war eine große Freude für uns, als wir im Sommer 2016 erfuhren, dass das MDR- Fernsehen unsere Reihe „Rätsel, Mythen und Legenden“ fortsetzen würde.</em></p>
<p><em>Mittlerweile sind seit 2009 schon zwanzig Sendungen in dieser schönen Reihe entstanden. Jeweils zu den Feiertagen widmen wir uns in einer 45 Minuten langen Sendung einer Sage oder einer spannenden Legende aus unserem Sendegebiet. Unsere beiden jüngsten Produktionen sind &#8222;Wie der Teufel den Buchdruck erfand&#8220; und &#8222;Schneeweißchen und der Bärenhäuter aus Thüringen&#8220;.</em></p>
<p><em>Heidi Mühlenberg, Januar 2017</em></p>
<p>Eine wirklich zauberhafte Reihe, die meine Kollegen von der kleinen Literatur-Redaktion des MDR-Fernsehens im Jahr 2009 aus der Taufe gehoben haben. In den drei Bundesländern des MDR-Sendegebietes schlummern noch unendlich viele Geheimnisse und Mythen, die in unserer hektischen Zeit vergessen sind oder in der grauen Zeit davor als sonderbar oder kindisch galten, weil sie erzählen, wovon unsere Vorfahren träumten, womit sie sich ihre knappe Freizeit vertrieben oder woran sie glaubten, bevor es Kaiser und Kanzler gab.</p>
<p>Wir gehen also den Legenden und Mythen von Mitteldeutschland auf den Grund und ich hatte das große Vergnügen, seit 2010 insgesamt zehn Sendungen für das MDR-Feiertagsprogramm als Drehbuchautorin und Regisseurin umzusetzen – gemeinsam mit der wunderbaren und engagierten Moderatorin Janine Strahl-Oesterreich und dem einfallsreichen und geduldigen Kameramann Axel Funk aus Berlin, und vielen anderen Kollegen.</p>
<p>&nbsp;</p>
<p>2010 MDR „Wie Paracelsus die Stadt Görlitz vor dem Kometen rettete“ (45 Minuten)</p>
<p>2012 MDR „Wie die Thüringer Bratwurst in Stadtilm Frieden stiftete“ (45 Minuten)</p>
<p>2012 MDR „Wie der Salzgeist Bad Dürrenberg zu Reichtum verhalf“ (45 Minuten)</p>
<p>2013 MDR „Wie Ludwig der Springer zu seinem Namen kam“ (45 Minuten)</p>
<p>2013 MDR „Die Thüringer Sintflut Anno 1613“ (45 Minuten)</p>
<p>2013 MDR „Die Leipziger Löwenjagd und das Völkerschlachtdenkmal“ (45 Minuten)</p>
<p>2014 MDR „Das Geheimnis von König Drosselbart“ (45 Minuten)</p>
<p>2014 MDR „Kam der Dollar aus dem Erzgebirge?“ (45 Minuten)</p>
<p>2015 MDR „Der Rabenfluch von Merseburg“ (45 Minuten)</p>
<p>2016 MDR „Die Heinzelmännchen von Eilenburg“ (45 Minuten)</p>
<p>2016 MDR &#8222;Wie der Teufel den Buchdruck erfand&#8220; (45 Minuten)</p>
<p>2017 MDR &#8222;Schneeweißchen und der Bärenhäuter aus Thüringen&#8220; (45 Minuten)</p>
<p>&nbsp;</p>
<p><a href="http://www.heidi-muehlenberg.de/wp-content/uploads/2016/01/DSC0036.jpg" rel="attachment wp-att-440" rel="lightbox[363]"><img loading="lazy" decoding="async" width="1024" height="685" class="aligncenter size-large wp-image-439" src="http://www.heidi-muehlenberg.de/wp-content/uploads/2016/01/DSC0006-1024x685.jpg" alt="Der Salzgeist von Bad Dürrenberg" srcset="https://www.heidi-muehlenberg.de/wp-content/uploads/2016/01/DSC0006-1024x685.jpg 1024w, https://www.heidi-muehlenberg.de/wp-content/uploads/2016/01/DSC0006-300x201.jpg 300w, https://www.heidi-muehlenberg.de/wp-content/uploads/2016/01/DSC0006-768x514.jpg 768w, https://www.heidi-muehlenberg.de/wp-content/uploads/2016/01/DSC0006-1793x1200.jpg 1793w, https://www.heidi-muehlenberg.de/wp-content/uploads/2016/01/DSC0006-720x482.jpg 720w, https://www.heidi-muehlenberg.de/wp-content/uploads/2016/01/DSC0006.jpg 2048w" sizes="(max-width: 1024px) 100vw, 1024px" /><img loading="lazy" decoding="async" width="1024" height="685" class="aligncenter size-large wp-image-440" src="http://www.heidi-muehlenberg.de/wp-content/uploads/2016/01/DSC0036-1024x685.jpg" alt="_DSC0036" srcset="https://www.heidi-muehlenberg.de/wp-content/uploads/2016/01/DSC0036-1024x685.jpg 1024w, https://www.heidi-muehlenberg.de/wp-content/uploads/2016/01/DSC0036-300x201.jpg 300w, https://www.heidi-muehlenberg.de/wp-content/uploads/2016/01/DSC0036-768x514.jpg 768w, https://www.heidi-muehlenberg.de/wp-content/uploads/2016/01/DSC0036-1793x1200.jpg 1793w, https://www.heidi-muehlenberg.de/wp-content/uploads/2016/01/DSC0036-720x482.jpg 720w, https://www.heidi-muehlenberg.de/wp-content/uploads/2016/01/DSC0036.jpg 2048w" sizes="(max-width: 1024px) 100vw, 1024px" /></a> <a href="http://www.heidi-muehlenberg.de/wp-content/uploads/2016/01/Leipziger_Loewenjagd-Wikimedia.jpg-6-aufgebahrte-löwen-im-zoo-sehr-scharf-.jpg" rel="attachment wp-att-441"><img loading="lazy" decoding="async" width="1024" height="656" class="aligncenter size-large wp-image-441" src="http://www.heidi-muehlenberg.de/wp-content/uploads/2016/01/Leipziger_Loewenjagd-Wikimedia.jpg-6-aufgebahrte-löwen-im-zoo-sehr-scharf--1024x656.jpg" alt="Leipziger_Loewenjagd Wikimedia.jpg - 6 aufgebahrte löwen im zoo - sehr scharf !!!!!" srcset="https://www.heidi-muehlenberg.de/wp-content/uploads/2016/01/Leipziger_Loewenjagd-Wikimedia.jpg-6-aufgebahrte-löwen-im-zoo-sehr-scharf--1024x656.jpg 1024w, https://www.heidi-muehlenberg.de/wp-content/uploads/2016/01/Leipziger_Loewenjagd-Wikimedia.jpg-6-aufgebahrte-löwen-im-zoo-sehr-scharf--300x192.jpg 300w, https://www.heidi-muehlenberg.de/wp-content/uploads/2016/01/Leipziger_Loewenjagd-Wikimedia.jpg-6-aufgebahrte-löwen-im-zoo-sehr-scharf--768x492.jpg 768w, https://www.heidi-muehlenberg.de/wp-content/uploads/2016/01/Leipziger_Loewenjagd-Wikimedia.jpg-6-aufgebahrte-löwen-im-zoo-sehr-scharf--1800x1153.jpg 1800w, https://www.heidi-muehlenberg.de/wp-content/uploads/2016/01/Leipziger_Loewenjagd-Wikimedia.jpg-6-aufgebahrte-löwen-im-zoo-sehr-scharf--720x461.jpg 720w, https://www.heidi-muehlenberg.de/wp-content/uploads/2016/01/Leipziger_Loewenjagd-Wikimedia.jpg-6-aufgebahrte-löwen-im-zoo-sehr-scharf-.jpg 2048w" sizes="(max-width: 1024px) 100vw, 1024px" /></a><a href="http://www.heidi-muehlenberg.de/wp-content/uploads/2016/01/Leipziger_Loewenjagd_Karrikatur-common-wikimedia.jpg" rel="attachment wp-att-442" rel="lightbox[363]"><img loading="lazy" decoding="async" width="1024" height="675" class="aligncenter size-large wp-image-442" src="http://www.heidi-muehlenberg.de/wp-content/uploads/2016/01/Leipziger_Loewenjagd_Karrikatur-common-wikimedia-1024x675.jpg" alt="Leipziger_Loewenjagd_Karrikatur - common wikimedia" srcset="https://www.heidi-muehlenberg.de/wp-content/uploads/2016/01/Leipziger_Loewenjagd_Karrikatur-common-wikimedia.jpg 1024w, https://www.heidi-muehlenberg.de/wp-content/uploads/2016/01/Leipziger_Loewenjagd_Karrikatur-common-wikimedia-300x198.jpg 300w, https://www.heidi-muehlenberg.de/wp-content/uploads/2016/01/Leipziger_Loewenjagd_Karrikatur-common-wikimedia-768x506.jpg 768w, https://www.heidi-muehlenberg.de/wp-content/uploads/2016/01/Leipziger_Loewenjagd_Karrikatur-common-wikimedia-720x475.jpg 720w" sizes="(max-width: 1024px) 100vw, 1024px" /></a><a href="http://www.heidi-muehlenberg.de/wp-content/uploads/2016/01/Dreh-Löwenjagd-060.jpg" rel="attachment wp-att-444"><img loading="lazy" decoding="async" width="1024" height="768" class="aligncenter size-large wp-image-444" src="http://www.heidi-muehlenberg.de/wp-content/uploads/2016/01/Dreh-Löwenjagd-060-1024x768.jpg" alt="Dreh Löwenjagd 060" srcset="https://www.heidi-muehlenberg.de/wp-content/uploads/2016/01/Dreh-Löwenjagd-060-1024x768.jpg 1024w, https://www.heidi-muehlenberg.de/wp-content/uploads/2016/01/Dreh-Löwenjagd-060-300x225.jpg 300w, https://www.heidi-muehlenberg.de/wp-content/uploads/2016/01/Dreh-Löwenjagd-060-768x576.jpg 768w, https://www.heidi-muehlenberg.de/wp-content/uploads/2016/01/Dreh-Löwenjagd-060-1600x1200.jpg 1600w, https://www.heidi-muehlenberg.de/wp-content/uploads/2016/01/Dreh-Löwenjagd-060-720x540.jpg 720w, https://www.heidi-muehlenberg.de/wp-content/uploads/2016/01/Dreh-Löwenjagd-060.jpg 2048w" sizes="(max-width: 1024px) 100vw, 1024px" /></a></p>

<p>Es geht weiter &#8211; Rätsel, Mythen und Legenden, MDR Es war eine große Freude für uns, als wir im Sommer 2016 erfuhren, dass das MDR- Fernsehen unsere Reihe „Rätsel, Mythen und Legenden“ fortsetzen würde. Mittlerweile sind seit 2009 schon zwanzig Sendungen in dieser schönen Reihe entstanden. Jeweils zu den Feiertagen widmen wir uns in, <a class="read-more" href="https://www.heidi-muehlenberg.de/?page_id=363">Read More</a></p>
